v + 36. Let a(s) = 9*s - 3 - 8 - s**3 - 2 + 4*s**2. Let h be a(5). What is the units digit of y(h)?
1
Let x = -482 - -477. Let j(k) = -6*k**3 + 4*k**2 - k - 7. What is the units digit of j(x)?
8
Suppose 0 = 5*b + 4*r - 108314, -2*b - 60*r + 56*r + 43316 = 0. What is the tens digit of b?
6
Suppose 0*w + 3*d - 92545 = -5*w, -4*w - d = -74036. What is the ten thousands digit of w?
1
Let c(k) = -5*k + 27. Let j be c(11). Let a = j + 33. Suppose 3*s + 4 = -2, 551 = a*y - 3*s. What is the hundreds digit of y?
1
Let y(x) = -24 + 23*x**2 + 19*x**3 - 6*x**2 - 21*x - 18*x**3. What is the units digit of y(-18)?
0
Let u = 48402 + -29293. What is the thousands digit of u?
9
Let z(x) = x**2 + 2*x - 17. Let b(h) be the second derivative of h**3/6 + h**2 + 10*h. Let q be b(-14). What is the hundreds digit of z(q)?
1
Suppose 0 = 2*k - 5*n - 128, -5*k + 78 = -4*k + n. Let h = 146 + k. What is the units digit of h?
0
Suppose z + 5 = 0, z + 4 = -3*m - 28. What is the units digit of (66/m - -6)*-591?
8
Suppose 276*o - 5*o - 6478526 = 0. What is the hundreds digit of o?
9
Let k(l) = l - 16. Let v be k(20). Let z(a) = -26*a + 5. Let n be z(-2). Suppose v*b + 33 = 2*o - n, 170 = 5*o + b. What is the tens digit of o?
3
Let t = -57 + 11646. What is the tens digit of t?
8
What is the thousands digit of 4501/21*10*30 + 216/(-36)?
4
Let d(m) = -146*m**2 + 54*m - 252. Let y(s) = -73*s**2 + 27*s - 126. Let n(u) = -3*d(u) + 5*y(u). What is the hundreds digit of n(4)?
1
Suppose -6*v = -33830 - 2206. Suppose 0 = -0*t + 3*t - v. What is the tens digit of t?
0
Let q(j) = -4791*j - 110. What is the units digit of q(-1)?
1
Let b(x) = 402*x - 74. Let p be b(10). What is the tens digit of (-5)/20 + p/8?
9
Suppose -5*x + 3*x - 4*c + 12 = 0, -x - 10 = -2*c. Let u be 2 - 0*(x - (-2)/2). Suppose 0*b = -z - u*b + 40, 2*b = -2*z + 90. What is the tens digit of z?
5
Let x = -131 + -42. Let f = x + 395. What is the units digit of f?
2
Let x(g) = g**2 - 5*g - 1002. What is the tens digit of x(-47)?
4
Suppose s = -3*s + 3*o + 15326, -5*s + 19159 = -4*o. What is the thousands digit of s?
3
Suppose 0 = 2*j - 6*j - 20, 3*j = -4*p + 189. Let x = 54 - p. Suppose x*a + 92 = 227. What is the tens digit of a?
4
Let p(d) = -d**3 + 9*d**2 - 6*d + 2. Let m = 56 - 32. Let x be 1 + 3 - (m/(-6) + 4). What is the tens digit of p(x)?
5
Suppose 0 = 69*h - 72*h + 405. Let w = 546 - 355. Let u = w - h. What is the tens digit of u?
5
Let l be 1/1 + (-1 - 0). Let r be (0 + l)/(2*(-3)/(-2)). What is the tens digit of (0 - r)/((-12)/(-12)) - -60?
6
Suppose 7*i = -22 + 43. Suppose 694 + 276 = w - i*f, -16 = -4*f. What is the tens digit of w?
8
Let g(h) = -5*h + 60 - 8*h + 11*h. Let r(n) = n - 20. Let v(b) = 2*g(b) + 7*r(b). What is the units digit of v(20)?
0
Let j(i) = -2*i**2 + 198*i - 65. Let v be j(99). Let g(l) = -34*l + 1. Let w be g(-2). Let s = w + v. What is the units digit of s?
4
Let h(a) = -2*a**2 - 71*a - 35. Let v be h(-35). Suppose -3*q = v, 2*q + 594 = 5*z - 501. What is the units digit of z?
9
Let a(i) = 3*i**3 - 9*i**2 - 29*i - 17. Let q(b) = -2*b**3 - b + 1. Let r(d) = a(d) + 2*q(d). What is the units digit of r(-6)?
3
Let b = -330 - -334. What is the tens digit of 138*18/48*b?
0
Let p(i) be the second derivative of -5*i**3/2 - 43*i**2/2 - 76*i. What is the tens digit of p(-17)?
1
Let i be (9 - -3) + 50 + -10. Suppose -140 = o + 3*o. Let p = i + o. What is the units digit of p?
7
Suppose -22035 = -3*h + 9*q, -22077 = 10*h - 13*h + 2*q. What is the units digit of h?
3
Let b(p) = 2*p**2 + 9*p - 9. Let v be b(-6). Suppose 0 = v*t + 8 + 73. Let g = 117 - t. What is the tens digit of g?
2
Let m be 5/((-60)/4)*3. Let d be 4/m - (2 + -4). What is the units digit of (16/(-40))/(d/170)?
4
Let f be (1975 - -10) + 6 + -7. Suppose 0 = -12*m + 1916 + f. What is the units digit of m?
5
Let f(z) be the second derivative of -37*z**3/6 - 50*z**2 - 19*z. What is the tens digit of f(-4)?
4
Suppose 122 = -5*z - 4*x, -3*z - 4*x - 39 = 39. Let m = z + 27. Suppose 0 = -3*v - 4*o + 150, -m*o - 177 = -2*v - v. What is the units digit of v?
4
Let b = 97 + -93. Suppose -b*l + 623 = -7*f + 10*f, -4*f = -4. What is the tens digit of l?
5
Let w(v) = v**3 + 9*v**2 - 10*v + 4. Suppose u + 3 + 7 = 0. Let g be w(u). Suppose g*m = 12 + 36. What is the units digit of m?
2
What is the ten thousands digit of (-1 + 124532)*(-69)/(-759)?
1
Let d(b) = -5990*b + 262. What is the units digit of d(-2)?
2
Let h be 0 - 2*(-12)/8 - 2. What is the units digit of (-47 - -28)/(h/(-3))*1?
7
Let z = -829 - -862. What is the units digit of 38748/z + 10/(-55)?
4
Let j(i) = -2*i + 22. Let f be j(6). Let t(o) = 108*o - 22. Let s be t(f). Suppose 1577 + s = 17*h. What is the units digit of h?
5
Let r(y) = y**3 + 30*y**2 + 72. Suppose -42*d = -32*d + 290. What is the tens digit of r(d)?
1
Let p(a) = a**2 - a. Let y be p(4). Suppose 22*l - 170 = y*l. Let r(c) = c**2 - 5*c + 10. What is the units digit of r(l)?
4
Suppose 28*m = 39*m - 44. What is the tens digit of (-1 - 2)*10/m*-26?
9
Let u(z) = 9*z**2 + 9*z - 53. Suppose 5*c = 42 + 3. What is the tens digit of u(c)?
5
Let h(b) = 8*b**2 - 14*b - 80. Let a be (-12)/(-3) + (32 + -2)/(-3). What is the units digit of h(a)?
2
Suppose 3*q - 3*p - 1655 = 1156, 0 = 3*q + 2*p - 2821. Suppose 6*c = 7*c + 5*w - 327, 0 = 3*c + w - q. What is the hundreds digit of c?
3
Let b be 1 - 0 - (0 - (-2487)/3). Let s = b - -1214. What is the units digit of s?
6
Suppose 3*p = 2*p + 43. Let f(g) = 46*g + 787. Let y be f(-17). Suppose -2*d - m = -0*d - p, d - y = 5*m. What is the units digit of d?
0
Let g = 16470 - 9763. What is the tens digit of g?
0
Suppose -8*r - 467 = -9*r. Suppose -r*l = -462*l - 1990. What is the tens digit of l?
9
What is the units digit of (-1)/(14/(-1197))*4 - 0?
2
What is the units digit of (-12254)/220*25*(-114)/5?
9
Let w be -6 + 49/7 - -590. Let d = 1209 - w. What is the hundreds digit of d?
6
Suppose -8*q - 4 = -10*q. Suppose -q*g + 75 = 4*d - 145, 2*g - 200 = d. Let m = g + -55. What is the tens digit of m?
4
What is the units digit of 218/(1040/5478 - 52/286)?
1
What is the hundreds digit of (0 - -21506) + 1177/(-107)?
4
Let c = 781 - 778. Suppose -305 = -c*r + 2*x + 763, 3*r + x = 1077. What is the hundreds digit of r?
3
Let b = 19034 + 51808. What is the tens digit of b?
4
Suppose -150 = 8*o - 23*o. Suppose -1825 = o*s - 10385. What is the hundreds digit of s?
8
Let a = -68 - -72. Suppose -a*g + 632 = -632. What is the units digit of g?
6
Let w be 16/((-28)/(-9) + -3). Suppose -101 = 3*d + 61. Let x = d + w. What is the tens digit of x?
9
What is the hundreds digit of (-22470)/(-315)*(70 - -2)?
1
What is the thousands digit of -8 + 930/115 + 1188356/92?
2
Let j be (4 + -3)/(4 - (-10932)/(-2732)). Let b = -641 - j. What is the tens digit of b?
4
Suppose 3*h = 2*h - 4. Let t(u) = 88*u**2 - 82*u**2 + 2 + 3 + u. What is the tens digit of t(h)?
9
Let y(p) = 2*p**2 - 6*p + 24. Suppose 22 = -r + b + b, -3*r - 56 = -4*b. Let g be -3*((-224)/r)/8. What is the hundreds digit of y(g)?
1
What is the thousands digit of (-6 + 0)/(108/(-249768))?
3
Suppose 5*g - 15*g = -v - 1365, 0 = 2*g + 5*v - 247. Let a(f) = -4*f**2 - 5*f + 5. Let q be a(-5). Let z = g + q. What is the tens digit of z?
6
What is the thousands digit of -20*(-2 - 9/18)*(-1162)/(-10)?
5
Let n = 24877 - 12146. What is the ten thousands digit of n?
1
Let q = 160 + 121. What is the hundreds digit of q?
2
Let o(q) = -q**3 - 14*q**2 - 21*q + 40. Let y be o(-12). Suppose -504 - 3460 = -3*g + y*p, 5*g - 3*p - 6592 = 0. What is the tens digit of g?
1
Suppose c = -4*o - 43 - 70, -4*c = 4*o + 104. Suppose 2*w - 8 = -0*m - m, 4*w - 10 = -m. What is the units digit of -1*(o - m/3)?
1
Let u be -7 + 6 + 12 - 1. What is the tens digit of (948*u/30)/((-2)/(-4))?
3
Let c(i) = i**3 - 5*i**2 + 6*i - 4. Let h be c(4). Suppose 4*f = 4*z + 2032, -678 = -f + h*z - 164. What is the hundreds digit of f?
5
Suppose -37*f + 107314 = -716678 - 346688. What is the units digit of f?
0
Suppose -j - 3*j + 8 = -c, 2*c - 4*j - 4 = 0. What is the tens digit of -1740*((-6)/c + 0)?
7
Let a be (-5 + 5)*1*4/12. Let v(g) = -g**3 + g**2 + 2*g + 2. Let i be v(a). What is the tens digit of (i + (74 - 0))/(9/36)?
0
Suppose -5*o = -5*y + 685, 12*o = -5*y + 14*o + 688. Let u be -4 + 9/